755*q + 32. Let u be d(-10). Let n be (-3)/1*(-4 - u/(-9)). Is 1/(2/n - 0) a composite number?
False
Let c be (-8)/(2 - (-3 - -3)) + 14. Suppose -5287 - 2223 = -c*r. Is r a composite number?
False
Let t(n) = -130*n - 59. Let m(j) = 258*j + 117. Let c(b) = 6*m(b) + 11*t(b). Is c(18) prime?
False
Let b(v) be the second derivative of v**5/20 - v**4/2 + 26*v**3/3 - 3*v**2/2 - 16*v. Is b(18) a prime number?
False
Is 2/12 - ((-63458654)/612 - 2/9) prime?
False
Suppose 0 = 4*a + 3*r - 14, -3*a + r + 20 = 3. Is (-74)/185 + 187387/a composite?
True
Suppose -4*b - 2*v + 6 = 0, 28 = -0*b - 3*b + 5*v. Is (-5 + 4)/b*179 prime?
True
Let k(w) = -w**2 + 8*w - 12. Let r be k(3). Suppose -2*h + 2942 + 2967 = -r*z, -4*h + 11816 = -4*z. Is h prime?
True
Let z be (-70)/(-14) - (-53 - -2). Suppose 54*s = z*s - 1682. Is s a composite number?
True
Let u(g) be the first derivative of 118*g**3/3 + 2*g**2 + 11*g - 43. Is u(-4) composite?
True
Let j = -15 - -7787. Suppose -8*d - j + 39396 = 0. Is d composite?
True
Let q(n) = -29*n**3 - 22*n**2 - 52*n + 81. Is q(-14) composite?
True
Let m(t) = 11*t - 161. Let s be m(17). Suppose -33384 = s*r - 50*r. Is r a composite number?
True
Suppose 5*y = -3*u + 27 + 22, -5*u = y - 1. Let h(l) = 0*l**2 + 12*l - 2*l**3 + y - 4*l + 9*l**2. Is h(-7) a prime number?
False
Let p = -141218 - -230051. Is p prime?
False
Let g be ((-3)/(-4))/(3/144*6). Let o be (g*5 - 2)*(-7)/(-28). Is -1 - -4*o/((-28)/(-150)) a prime number?
True
Suppose -3*z + 3884 = -c, -c - 2*z - z = 3914. Is 1 - (c - (-2)/((-4)/6)) prime?
False
Suppose -2*t + 60 = -60. Let i be -1*4/5 - (-768)/t. Is -4*(((-1785)/i)/5 - 0) a composite number?
True
Let b(c) = -c**3 + 9*c**2 - 19*c. Let h be b(7). Is -33*(h/15)/7 composite?
False
Let a = 7 - 4. Suppose -i = -a*t - 2*t + 16, -t + i = -4. Let r(l) = 94*l**2 - 4*l + 9. Is r(t) a composite number?
True
Let k = 136322 - -45117. Is k composite?
False
Let q(u) = -10*u - 11. Let o be q(-2). Suppose o*m + 10544 = 3*z + 4*m, 0 = -2*z - 2*m + 7024. Let i = 5462 - z. Is i composite?
False
Suppose 26*p - 296967 - 4906 = 64909. Is p prime?
True
Suppose -4121*d + 207314 = -4119*d. Is d a composite number?
False
Suppose 0*h - 11*h = 66. Is ((-3261)/(-6) - h)*2 composite?
True
Suppose 48 = m + 11*m. Suppose -107 = -m*w + 19337. Is w a prime number?
True
Suppose 378 = -o - 4*m - 605, -5*o + 3*m - 4892 = 0. Suppose 3*g - 7449 = 4*i, -3*i - 5058 = 5*g + 565. Let q = o - i. Is q a prime number?
True
Let u be (-2)/(-3) - (4 + 1471/(-3)). Let z be (u*28/21)/(2/6). Is z - (2 + 1) - 0 composite?
True
Let q be (-26)/12 + 2 + 117/54. Let s(n) = 6*n**2 - n**2 + 47 + n**2 + n**q - 3*n. Is s(21) a composite number?
True
Let l be (-28 - -36)/(-1 - (-6)/2). Is (l + 0)*7/((-196)/(-3787)) a prime number?
True
Suppose 0 = -6*m + 3331 - 301. Let k = m + -1011. Let o = 1945 + k. Is o a composite number?
False
Let o(q) = 871*q - 555. Is o(2) composite?
False
Let i(f) = -211*f + 2. Let r(q) = 425*q - 3. Let b(y) = -5*i(y) - 3*r(y). Is b(-6) composite?
False
Suppose -36*l - 532534 - 786264 = -7635034. Is l a composite number?
True
Suppose -41255 = 265*f - 270*f. Let i = 2646 + f. Is i a composite number?
True
Let c(w) = -2966*w - 10. Let g be c(-3). Suppose 33*s + g = 41*s. Is s prime?
False
Suppose -7*a + 17370 = -u - 3*a, 69545 = -4*u + 3*a. Let r = -8647 - u. Is r composite?
True
Let j be ((-9)/15*1333)/((-9)/45). Suppose 0 = -3*c + 6942 + j. Is c composite?
True
Suppose 4*m = -0*m - 3*w + 1, 2*m = -5*w + 11. Is 520 + (2 - 3 - m - 0) a prime number?
True
Suppose 2*v + 7*v = 1053. Suppose -v = p + 541. Let k = 1179 + p. Is k a prime number?
True
Suppose 5*s + 3*h = 2018791, 0 = 56*s - 58*s - h + 807516. Is s a composite number?
False
Let m be ((-64)/192)/(3/(-76833)*1). Suppose 0 = z - 980 - 737. Suppose z = h + 2*u - 0*u, 5*h - 2*u = m. Is h prime?
True
Let u be (-3518464)/(-64) + -2 + -1. Is u/7 - (-70)/(-245) composite?
False
Let a be (-3)/(1 - 6 - (10 + -14)). Let n(k) = -k - 1. Let x be n(a). Is (10/15)/(x/(-678)) a prime number?
True
Let z = -272 - -341. Let i = 868 + 363. Suppose -z + 683 = k + 3*h, -2*k - 5*h = -i. Is k a prime number?
False
Suppose 4*l = z + 57, -l - 18 = -z - 69. Let t = 67 + z. Suppose 9*a = t*a - 7839. Is a prime?
False
Is 1 + 0 - -6 - 20/(-40)*74868 a prime number?
True
Let k be 10/2*5/(50/8). Let c(h) = h**3 - 5*h**2 + 4*h. Let v be c(k). Suppose v*x = -2*x + 814. Is x prime?
False
Let o(f) = f. Let y(b) = -20*b - 5. Let a(q) = 3*o(q) + y(q). Let z be a(5). Let x = z - -231. Is x prime?
False
Let n(d) = -d**3 + d**2 - 3791. Let s be n(0). Suppose 3695 = -74*o - 43369. Let h = o - s. Is h prime?
False
Let d(j) = -426*j**3 + 8*j**2 - 70*j - 401. Is d(-8) a prime number?
True
Let t(s) = s**3 - 26*s**2 - 56*s + 5. Let q be t(28). Suppose q*w - 26199 = 15506. Is w composite?
True
Suppose -i + o + 144409 = -3*o, 4*o - 577536 = -4*i. Is i composite?
True
Suppose g - 4843362 = -9*r + 295341, -5*r + g + 2854835 = 0. Is r a composite number?
False
Let f(l) = l**3 - 3*l**2 + 3*l + 3. Let n(m) = -m**2 - 12*m - 20. Let x be n(-8). Let t be f(x). Let a = -700 + t. Is a prime?
False
Suppose 10 = -6*a + 2*a - 2*f, -4*a = -2*f - 2. Let s(v) = 85*v**2 + 52*v + 1. Let l(y) = -2*y**2 - 17*y. Let p(d) = 3*l(d) + s(d). Is p(a) a prime number?
True
Suppose -21*y + 2284044 = 63*y. Is y composite?
False
Suppose -6*l + 60 = -42. Let m = l + -12. Suppose -m*q + 1718 = -1347. Is q composite?
False
Suppose -9*i - 14172 - 2478 = 0. Let b = i + 2757. Is b a prime number?
True
Suppose -f = -2*j - 11, -4*j = f - 5*j - 7. Suppose t - f = -5. Is 321/(-2)*((-8)/6 + t) prime?
False
Let j(u) be the first derivative of u**3 + 41*u**2/2 - 113*u + 112. Is j(-33) prime?
True
Let x be ((-45)/(-1))/((-159)/(-53)). Let r(y) = 1222*y + 68. Is r(x) a composite number?
True
Let f be 4/((-21)/(-50) + 10/(-20)). Let i be f/(-8) - 9/36 - 0. Is (1 + 8/i)/((-2)/(-138)) a composite number?
True
Let m be 3144/(-36)*-3*(-4)/(-2). Suppose m*b - 533*b = -30663. Is b prime?
True
Let l be 10 - (-2 - 24/(-4)). Let b be 0/(-3)*2/l. Suppose b = -9*z + 2104 + 1010. Is z a composite number?
True
Let i(y) = 875*y + 17. Let s(d) = 874*d + 16. Let x(u) = 5*i(u) - 6*s(u). Let n be 3/(-9)*(8 + -2). Is x(n) a prime number?
False
Suppose -k = 3*u - 45163, -30122 = -2*u + 144*k - 148*k. Is u a composite number?
False
Is (2*4813)/((-372)/21 + 18) a prime number?
False
Is 66/(-12) + 4 + (-1613423)/(-14) + 6 composite?
False
Suppose 5*c + 3 = 8*c. Suppose -2*z - k = -10211 + 2312, -k = -c. Is z prime?
False
Let x be (-9566)/(-12)*8*30/20. Suppose 12*z = 10*z + x. Is z a composite number?
False
Suppose 5*h + p - 12 = 0, -3*h + 3*p = -0*h. Suppose 4*i = h*t + 5 + 5, i + 5*t = 30. Suppose 4*y = 2*d + 3*d - 1449, 2*d = -i*y + 606. Is d a prime number?
True
Is 1567*(-6)/24*214*-2 composite?
True
Let o(n) = 2*n**2 + 15*n - 5. Let k be o(-8). Suppose k*z - 7*z - 1683 = -5*w, 5*w - z - 1692 = 0. Suppose -w = 3*l - 6*l. Is l composite?
False
Let h = 198 - -200. Let i = h - 255. Is i a prime number?
False
Suppose -14*d = 253054 - 1460568. Is d prime?
False
Let s = -168 - -683. Suppose -1167 - s = -2*j. Suppose -1254 = -5*p + j. Is p composite?
False
Suppose 2*v - v = 16. Suppose -v = 6*m + 2. Is m/(9/(-6)) - (-910 - 1) composite?
True
Let v be (-40)/(-15) + (-4)/6. Is (-42906)/24*(v - 6) a prime number?
True
Suppose b = 2*z - 7, 5*z + 2 - 20 = 2*b. Let v(d) = -7 - 11 + 5 - z*d + 2*d. Is v(-22) composite?
False
Let j(a) = a**2 - 20*a + 31. Let d be j(18). Is (4/d)/((-60)/22650) a composite number?
True
Let u(x) = 3*x + 18*x**2 - 6 - 2 + 7 + 33*x**2. Suppose -w - 6 = 2*w + 5*l, -5*w = 5*l. Is u(w) a prime number?
True
Let h(y) = -70*y**3 + 5*y**2 - 20*y + 14. Is h(-9) a prime number?
False
Let f(o) = -185 - 2283*o + 337 - 4. Is f(-9) prime?
False
Let w(m) = 20*m - 45. Let g be w(4). Let b = -10 + -22. Let p = b + g. Is p composite?
False
Suppose 2*o + 3814 = p, -4*o - 2*p + 597 - 8225 = 0. Is (3 + -8 + 4)/(1/o) a prime number?
True
Let c(k) = 201*k + 29. Suppose -l + 17 = 4*r - 7, -8 = -3*l + 4*r. Is c(l) prime?
True
Let i = 186 + -144. Suppose -245007 = 21*x - i*x. Is x a prime number?
False
Let d(s) = 50*s**2 + 8*s + 3. Let w = -6 - -1. Let r be d(w). Suppose 0*i + 3*i - r = -4*z, 0 = 3*z - 4*i - 941. Is z a co